{"id":944,"date":"2026-03-05T02:54:49","date_gmt":"2026-03-05T02:54:49","guid":{"rendered":"https:\/\/www.ricardocontreras.net\/?page_id=944"},"modified":"2026-03-06T02:17:41","modified_gmt":"2026-03-06T02:17:41","slug":"sobre-mi","status":"publish","type":"page","link":"https:\/\/www.ricardocontreras.net\/index.php\/es\/sobre-mi\/","title":{"rendered":"Sobre mi"},"content":{"rendered":"\n<div class=\"wp-block-stackable-spacer stk-block-spacer stk--no-padding stk-block stk-6090630\" data-block-id=\"6090630\"><\/div>\n\n\n\n<div class=\"wp-block-stackable-columns stk-block-columns stk-block stk-5850aec\" data-block-id=\"5850aec\"><style>.stk-5850aec .stk--block-align-5850aec{align-items:center !important;}.stk-5850aec {border-radius:8px !important;overflow:hidden !important;margin-bottom:0px !important;}@media screen and (max-width:689px){.stk-5850aec-column{row-gap:35px !important;}}<\/style><div class=\"stk-row stk-inner-blocks stk--block-align-5850aec stk-block-content stk-content-align stk-5850aec-column\">\n<div class=\"wp-block-stackable-column stk-block-column stk-column stk-block stk-bfa2a48\" data-v=\"4\" data-block-id=\"bfa2a48\"><style>.stk-bfa2a48-container{margin-top:0px !important;margin-right:0px !important;margin-bottom:0px !important;margin-left:0px !important;}.stk-bfa2a48 {align-self:flex-start !important;}@media screen and (min-width:690px){.stk-bfa2a48 {flex:var(--stk-flex-grow, 1) 1 calc(43.599999999999994% - var(--stk-column-gap, 0px) * 1 \/ 2 ) !important;}}@media screen and (min-width:690px) and (max-width:999px){.stk-bfa2a48 {flex:var(--stk-flex-grow, 1) 1 calc(42.8% - var(--stk-column-gap, 0px) * 1 \/ 2 ) !important;}}<\/style><div class=\"stk-column-wrapper stk-block-column__content stk-container stk-bfa2a48-container stk--no-background stk--no-padding\"><div class=\"has-text-align-left has-text-align-center-mobile stk-block-content stk-inner-blocks stk-bfa2a48-inner-blocks\">\n<div class=\"wp-block-stackable-image stk-block-image stk-block stk-e1c22e5\" data-block-id=\"e1c22e5\"><style>.stk-e1c22e5 .stk-img-wrapper{width:537px !important;height:738px !important;}@media screen and (max-width:999px){.stk-e1c22e5 .stk-img-wrapper{width:100% !important;height:100% !important;}}<\/style><figure><span class=\"stk-img-wrapper stk-image--shape-stretch\"><img loading=\"lazy\" decoding=\"async\" class=\"stk-img wp-image-843\" src=\"https:\/\/www.ricardocontreras.net\/wp-content\/uploads\/2026\/02\/20260225_190352-copy.png\" width=\"1284\" height=\"1722\" srcset=\"https:\/\/www.ricardocontreras.net\/wp-content\/uploads\/2026\/02\/20260225_190352-copy.png 1284w, https:\/\/www.ricardocontreras.net\/wp-content\/uploads\/2026\/02\/20260225_190352-copy-224x300.png 224w, https:\/\/www.ricardocontreras.net\/wp-content\/uploads\/2026\/02\/20260225_190352-copy-764x1024.png 764w, https:\/\/www.ricardocontreras.net\/wp-content\/uploads\/2026\/02\/20260225_190352-copy-768x1030.png 768w, https:\/\/www.ricardocontreras.net\/wp-content\/uploads\/2026\/02\/20260225_190352-copy-1145x1536.png 1145w\" sizes=\"auto, (max-width: 1284px) 100vw, 1284px\" \/><\/span><\/figure><\/div>\n<\/div><\/div><\/div>\n\n\n\n<div class=\"wp-block-stackable-column stk-block-column stk-column stk-block stk-fb7eef2\" data-v=\"4\" data-block-id=\"fb7eef2\"><style>.stk-fb7eef2-container{margin-top:0px !important;margin-right:0px !important;margin-bottom:0px !important;margin-left:0px !important;}@media screen and (min-width:690px){.stk-fb7eef2 {flex:var(--stk-flex-grow, 1) 1 calc(56.4% - var(--stk-column-gap, 0px) * 1 \/ 2 ) !important;}}@media screen and (min-width:690px) and (max-width:999px){.stk-fb7eef2 {flex:var(--stk-flex-grow, 1) 1 calc(56% - var(--stk-column-gap, 0px) * 1 \/ 2 ) !important;}}<\/style><div class=\"stk-column-wrapper stk-block-column__content stk-container stk-fb7eef2-container stk--no-background stk--no-padding\"><div class=\"stk-block-content stk-inner-blocks stk-fb7eef2-inner-blocks\">\n<div class=\"wp-block-stackable-text stk-block-text stk-block stk-4e3dee4\" data-block-id=\"4e3dee4\"><style>.stk-4e3dee4 {margin-bottom:16px !important;}.stk-4e3dee4 .stk-block-text__text{color:var(--theme-palette-color-1, #e65616) !important;font-weight:900 !important;text-transform:uppercase !important;}<\/style><p class=\"stk-block-text__text has-text-color has-palette-color-1-color has-text-align-center-mobile\">caracter\u00edsticas principales<\/p><\/div>\n\n\n\n<h2 class=\"wp-block-heading\">Dar forma a la intenci\u00f3n visual entre disciplinas y procesos de producci\u00f3n<\/h2>\n\n\n\n<div class=\"wp-block-stackable-columns stk-block-columns stk-block stk-d968f1f\" data-block-id=\"d968f1f\"><style>.stk-d968f1f {margin-bottom:50px !important;}.stk-d968f1f-column{--stk-column-gap:5px !important;row-gap:15px !important;}<\/style><div class=\"stk-row stk-inner-blocks stk-block-content stk-content-align stk-d968f1f-column\">\n<div class=\"wp-block-stackable-column stk-block-column stk-column stk-block stk-bd1fe80\" data-v=\"4\" data-block-id=\"bd1fe80\"><style>.stk-bd1fe80-container{margin-top:0px !important;margin-right:0px !important;margin-bottom:0px !important;margin-left:0px !important;}@media screen and (min-width:690px){.stk-bd1fe80 {flex:var(--stk-flex-grow, 1) 1 calc(13% - var(--stk-column-gap, 0px) * 1 \/ 2 ) !important;}}<\/style><div class=\"stk-column-wrapper stk-block-column__content stk-container stk-bd1fe80-container stk--no-background stk--no-padding\"><div class=\"stk-block-content stk-inner-blocks stk-bd1fe80-inner-blocks\">\n<div class=\"wp-block-stackable-heading stk-block-heading stk-block-heading--v2 stk-block stk-6187258\" id=\"1\" data-block-id=\"6187258\"><style>.stk-6187258 .stk-block-heading__text{color:var(--theme-palette-color-1, #e65616) !important;font-weight:800 !important;}<\/style><h3 class=\"stk-block-heading__text has-text-color has-palette-color-1-color has-text-align-center-mobile stk-block-heading--use-theme-margins\">#1<\/h3><\/div>\n<\/div><\/div><\/div>\n\n\n\n<div class=\"wp-block-stackable-column stk-block-column stk-column stk-block stk-ee3bbef\" data-v=\"4\" data-block-id=\"ee3bbef\"><style>.stk-ee3bbef-container{margin-top:0px !important;margin-right:0px !important;margin-bottom:0px !important;margin-left:0px !important;}@media screen and (min-width:690px){.stk-ee3bbef {flex:var(--stk-flex-grow, 1) 1 calc(87% - var(--stk-column-gap, 0px) * 1 \/ 2 ) !important;}}<\/style><div class=\"stk-column-wrapper stk-block-column__content stk-container stk-ee3bbef-container stk--no-background stk--no-padding\"><div class=\"stk-block-content stk-inner-blocks stk-ee3bbef-inner-blocks\">\n<div class=\"wp-block-stackable-heading stk-block-heading stk-block-heading--v2 stk-block stk-7f1bba1\" id=\"strong-mision-strong\" data-block-id=\"7f1bba1\"><style>.stk-7f1bba1 {margin-bottom:5px !important;}.stk-7f1bba1 .stk-block-heading__text{color:var(--theme-palette-color-4, #ffffff) !important;}<\/style><h5 class=\"stk-block-heading__text has-text-color has-palette-color-4-color has-text-align-center-mobile stk-block-heading--use-theme-margins\"><strong>Misi\u00f3n<\/strong><\/h5><\/div>\n\n\n\n<div class=\"wp-block-stackable-text stk-block-text stk-block stk-7fef662\" data-block-id=\"7fef662\"><style>.stk-7fef662 .stk-block-text__text{color:var(--theme-palette-color-4, #ffffff) !important;}<\/style><p class=\"stk-block-text__text has-text-color has-palette-color-4-color has-text-align-center-mobile\">Ayudar a los proyectos a definir con claridad su intenci\u00f3n visual y traducir las ideas creativas en soluciones coherentes, realizables y listas para producci\u00f3n.<\/p><\/div>\n<\/div><\/div><\/div>\n<\/div><\/div>\n\n\n\n<div class=\"wp-block-stackable-columns stk-block-columns stk-block stk-9d61493\" data-block-id=\"9d61493\"><style>.stk-9d61493 {margin-bottom:50px !important;}.stk-9d61493-column{--stk-column-gap:5px !important;row-gap:15px !important;}<\/style><div class=\"stk-row stk-inner-blocks stk-block-content stk-content-align stk-9d61493-column\">\n<div class=\"wp-block-stackable-column stk-block-column stk-column stk-block stk-7097a3f\" data-v=\"4\" data-block-id=\"7097a3f\"><style>.stk-7097a3f-container{margin-top:0px !important;margin-right:0px !important;margin-bottom:0px !important;margin-left:0px !important;}@media screen and (min-width:690px){.stk-7097a3f {flex:var(--stk-flex-grow, 1) 1 calc(13% - var(--stk-column-gap, 0px) * 1 \/ 2 ) !important;}}<\/style><div class=\"stk-column-wrapper stk-block-column__content stk-container stk-7097a3f-container stk--no-background stk--no-padding\"><div class=\"stk-block-content stk-inner-blocks stk-7097a3f-inner-blocks\">\n<div class=\"wp-block-stackable-heading stk-block-heading stk-block-heading--v2 stk-block stk-528516c\" id=\"2\" data-block-id=\"528516c\"><style>.stk-528516c .stk-block-heading__text{color:var(--theme-palette-color-1, #e65616) !important;font-weight:800 !important;}<\/style><h3 class=\"stk-block-heading__text has-text-color has-palette-color-1-color has-text-align-center-mobile stk-block-heading--use-theme-margins\">#2<\/h3><\/div>\n<\/div><\/div><\/div>\n\n\n\n<div class=\"wp-block-stackable-column stk-block-column stk-column stk-block stk-0d9e1b1\" data-v=\"4\" data-block-id=\"0d9e1b1\"><style>.stk-0d9e1b1-container{margin-top:0px !important;margin-right:0px !important;margin-bottom:0px !important;margin-left:0px !important;}@media screen and (min-width:690px){.stk-0d9e1b1 {flex:var(--stk-flex-grow, 1) 1 calc(87% - var(--stk-column-gap, 0px) * 1 \/ 2 ) !important;}}<\/style><div class=\"stk-column-wrapper stk-block-column__content stk-container stk-0d9e1b1-container stk--no-background stk--no-padding\"><div class=\"stk-block-content stk-inner-blocks stk-0d9e1b1-inner-blocks\">\n<div class=\"wp-block-stackable-heading stk-block-heading stk-block-heading--v2 stk-block stk-ade317f\" id=\"strong-strong-objetivo-strong-strong\" data-block-id=\"ade317f\"><style>.stk-ade317f {margin-bottom:5px !important;}.stk-ade317f .stk-block-heading__text{color:var(--theme-palette-color-4, #ffffff) !important;}<\/style><h5 class=\"stk-block-heading__text has-text-color has-palette-color-4-color has-text-align-center-mobile stk-block-heading--use-theme-margins\"><strong><strong>Objetivo<\/strong><\/strong><\/h5><\/div>\n\n\n\n<div class=\"wp-block-stackable-text stk-block-text stk-block stk-09fc247\" data-block-id=\"09fc247\"><style>.stk-09fc247 .stk-block-text__text{color:var(--theme-palette-color-4, #ffffff) !important;}<\/style><p class=\"stk-block-text__text has-text-color has-palette-color-4-color has-text-align-center-mobile\">Colaborar en proyectos donde el pensamiento visual, la claridad t\u00e9cnica y la direcci\u00f3n creativa se entiendan como partes fundamentales del proceso narrativo.<\/p><\/div>\n<\/div><\/div><\/div>\n<\/div><\/div>\n\n\n\n<div class=\"wp-block-stackable-columns stk-block-columns stk-block stk-b8cc8e6\" data-block-id=\"b8cc8e6\"><style>.stk-b8cc8e6 {margin-bottom:50px !important;}.stk-b8cc8e6-column{--stk-column-gap:5px !important;row-gap:15px !important;}<\/style><div class=\"stk-row stk-inner-blocks stk-block-content stk-content-align stk-b8cc8e6-column\">\n<div class=\"wp-block-stackable-column stk-block-column stk-column stk-block stk-c1b66c7\" data-v=\"4\" data-block-id=\"c1b66c7\"><style>.stk-c1b66c7-container{margin-top:0px !important;margin-right:0px !important;margin-bottom:0px !important;margin-left:0px !important;}@media screen and (min-width:690px){.stk-c1b66c7 {flex:var(--stk-flex-grow, 1) 1 calc(13% - var(--stk-column-gap, 0px) * 1 \/ 2 ) !important;}}<\/style><div class=\"stk-column-wrapper stk-block-column__content stk-container stk-c1b66c7-container stk--no-background stk--no-padding\"><div class=\"stk-block-content stk-inner-blocks stk-c1b66c7-inner-blocks\">\n<div class=\"wp-block-stackable-heading stk-block-heading stk-block-heading--v2 stk-block stk-6617625\" id=\"3\" data-block-id=\"6617625\"><style>.stk-6617625 .stk-block-heading__text{color:var(--theme-palette-color-1, #e65616) !important;font-weight:800 !important;}<\/style><h3 class=\"stk-block-heading__text has-text-color has-palette-color-1-color has-text-align-center-mobile stk-block-heading--use-theme-margins\">#3<\/h3><\/div>\n<\/div><\/div><\/div>\n\n\n\n<div class=\"wp-block-stackable-column stk-block-column stk-column stk-block stk-41d14b0\" data-v=\"4\" data-block-id=\"41d14b0\"><style>.stk-41d14b0-container{margin-top:0px !important;margin-right:0px !important;margin-bottom:0px !important;margin-left:0px !important;}@media screen and (min-width:690px){.stk-41d14b0 {flex:var(--stk-flex-grow, 1) 1 calc(87% - var(--stk-column-gap, 0px) * 1 \/ 2 ) !important;}}<\/style><div class=\"stk-column-wrapper stk-block-column__content stk-container stk-41d14b0-container stk--no-background stk--no-padding\"><div class=\"stk-block-content stk-inner-blocks stk-41d14b0-inner-blocks\">\n<div class=\"wp-block-stackable-heading stk-block-heading stk-block-heading--v2 stk-block stk-c81c7d4\" id=\"por-que-trabajar-conmigo\" data-block-id=\"c81c7d4\"><style>.stk-c81c7d4 {margin-bottom:5px !important;}.stk-c81c7d4 .stk-block-heading__text{color:var(--theme-palette-color-4, #ffffff) !important;}<\/style><h5 class=\"stk-block-heading__text has-text-color has-palette-color-4-color has-text-align-center-mobile stk-block-heading--use-theme-margins\">Por qu\u00e9 trabajar conmigo<\/h5><\/div>\n\n\n\n<div class=\"wp-block-stackable-text stk-block-text stk-block stk-1d7e05a\" data-block-id=\"1d7e05a\"><style>.stk-1d7e05a .stk-block-text__text{color:var(--theme-palette-color-4, #ffffff) !important;}<\/style><p class=\"stk-block-text__text has-text-color has-palette-color-4-color has-text-align-center-mobile\">Combino experiencia pr\u00e1ctica con una visi\u00f3n de conjunto cercana a la direcci\u00f3n, lo que me permite moverme entre el concepto, la visualizaci\u00f3n y la l\u00f3gica de producci\u00f3n sin perder de vista el panorama completo.<\/p><\/div>\n<\/div><\/div><\/div>\n<\/div><\/div>\n\n\n\n<div class=\"wp-block-stackable-button-group stk-block-button-group stk-block stk-b383bc8\" data-block-id=\"b383bc8\"><style>.stk-b383bc8 {margin-bottom:0px !important;}<\/style><div class=\"stk-row stk-inner-blocks has-text-align-center-mobile stk-block-content stk-button-group\">\n<div class=\"wp-block-stackable-button stk-block-button stk-block stk-84472b6 stk--has-lightbox\" data-block-id=\"84472b6\"><style>.stk-84472b6 .stk-button{padding-top:14px !important;padding-right:40px !important;padding-bottom:14px !important;padding-left:40px !important;border-top-left-radius:8px !important;border-top-right-radius:8px !important;border-bottom-right-radius:8px !important;border-bottom-left-radius:8px !important;}.stk-84472b6 .stk-button:before{border-top-width:2px !important;border-right-width:2px !important;border-bottom-width:2px !important;border-left-width:2px !important;}.stk-84472b6 .stk-button__inner-text{font-size:15px !important;font-weight:bold !important;text-transform:uppercase !important;}@media screen and (max-width:999px){.stk-84472b6 .stk-button__inner-text{font-size:15px !important;}}<\/style><a class=\"stk-link stk-button stk--hover-effect-darken\" href=\"https:\/\/www.ricardocontreras.net\/index.php\/mas-sobre-mi\/\"><span class=\"stk-button__inner-text\">conocer m\u00e1s<\/span><\/a><\/div>\n<\/div><\/div>\n<\/div><\/div><\/div>\n<\/div><\/div>\n\n\n\n<div class=\"wp-block-stackable-spacer stk-block-spacer stk--no-padding stk-block stk-1fd3982\" data-block-id=\"1fd3982\"><style>.stk-1fd3982 {height:120px !important;}@media screen and (max-width:999px){.stk-1fd3982 {height:100px !important;}}<\/style><\/div>\n\n\n\n\n\n<div class=\"wp-block-stackable-spacer stk-block-spacer stk--no-padding stk-block stk-b5fe06f\" data-block-id=\"b5fe06f\"><style>.stk-b5fe06f {height:120px !important;}@media screen and (max-width:999px){.stk-b5fe06f {height:100px !important;}}@media screen and (max-width:689px){.stk-b5fe06f {height:70px !important;}}<\/style><\/div>\n\n\n\n\n\n\n\n<div class=\"wp-block-stackable-spacer stk-block-spacer stk--no-padding stk-block stk-6a8268d\" data-block-id=\"6a8268d\"><style>.stk-6a8268d {height:150px !important;}@media screen and (max-width:689px){.stk-6a8268d {height:50px !important;}}<\/style><\/div>\n\n\n\n\n\n<div class=\"wp-block-stackable-spacer stk-block-spacer stk--no-padding stk-block stk-59d9e47\" data-block-id=\"59d9e47\"><style>.stk-59d9e47 {height:30px !important;}@media screen and (max-width:689px){.stk-59d9e47 {height:0px !important;}}<\/style><\/div>\n","protected":false},"excerpt":{"rendered":"<p>Trabajo en la intersecci\u00f3n entre el desarrollo visual, el dise\u00f1o de producci\u00f3n y los flujos t\u00e9cnicos de trabajo, guiando procesos creativos y de visualizaci\u00f3n para cine, series y producci\u00f3n virtual.<\/p>\n","protected":false},"author":1,"featured_media":0,"parent":0,"menu_order":0,"comment_status":"closed","ping_status":"closed","template":"","meta":{"footnotes":""},"class_list":["post-944","page","type-page","status-publish","hentry"],"blocksy_meta":{"styles_descriptor":{"styles":{"desktop":"","tablet":"","mobile":""},"google_fonts":[],"version":6}},"_links":{"self":[{"href":"https:\/\/www.ricardocontreras.net\/index.php\/wp-json\/wp\/v2\/pages\/944","targetHints":{"allow":["GET"]}}],"collection":[{"href":"https:\/\/www.ricardocontreras.net\/index.php\/wp-json\/wp\/v2\/pages"}],"about":[{"href":"https:\/\/www.ricardocontreras.net\/index.php\/wp-json\/wp\/v2\/types\/page"}],"author":[{"embeddable":true,"href":"https:\/\/www.ricardocontreras.net\/index.php\/wp-json\/wp\/v2\/users\/1"}],"replies":[{"embeddable":true,"href":"https:\/\/www.ricardocontreras.net\/index.php\/wp-json\/wp\/v2\/comments?post=944"}],"version-history":[{"count":8,"href":"https:\/\/www.ricardocontreras.net\/index.php\/wp-json\/wp\/v2\/pages\/944\/revisions"}],"predecessor-version":[{"id":1026,"href":"https:\/\/www.ricardocontreras.net\/index.php\/wp-json\/wp\/v2\/pages\/944\/revisions\/1026"}],"wp:attachment":[{"href":"https:\/\/www.ricardocontreras.net\/index.php\/wp-json\/wp\/v2\/media?parent=944"}],"curies":[{"name":"wp","href":"https:\/\/api.w.org\/{rel}","templated":true}]}}